{"id":34137,"date":"2024-11-18T14:16:18","date_gmt":"2024-11-18T17:16:18","guid":{"rendered":"https:\/\/likelingerieatacado.com.br\/pijama-baby-doll-com-tapa-olhos-e-xuxinha-personagens\/"},"modified":"2025-02-19T19:07:43","modified_gmt":"2025-02-19T22:07:43","slug":"pijama-baby-doll-com-tapa-olhos-e-xuxinha-personagens","status":"publish","type":"product","link":"https:\/\/atacadaodamodaintima.com.br\/clone\/pijama-baby-doll-com-tapa-olhos-e-xuxinha-personagens\/","title":{"rendered":"Pijama Baby Doll Com Tapa Olhos e Xuxinha Personagens"},"content":{"rendered":"<p>Pijama Baby Doll Com Tapa Olhos e Xuxinha Personagens<br \/>&#8211; Confeccionado em suede\u00a0 <br \/>&#8211; Modelo est\u00e1 usando tamanho P\u00a0<\/p>\n<p>Aten\u00e7\u00e3o para a tabela de medidas, n\u00e3o efetuamos trocas de pe\u00e7as intimas. <br \/>Tabela de Medidas:<br \/>P veste 36\/38<br \/>M veste 40\/42<br \/>G veste 44<br \/>GG veste 46<br \/>\u00a0 <br \/>Sobre a cor do produto: <br \/>Fotos reais do produto em nosso estoque. Pode haver varia\u00e7\u00e3o na cor do produto final de acordo com o brilho do monitor, tela do celular. <br \/>Tamb\u00e9m pode haver varia\u00e7\u00e3o no desenho da renda. <br \/>Aproveite o frete e veja mais produtos em nossa loja. <br \/>Somos uma loja especializada em lingerie, sempre trazendo lindas novidades com qualidade e conforto, valorizando a mulher brasileira e tornando seu dia a dia ou noite muito mais especial. <br \/>\u00a0 <br \/>\u00a0 <br \/>\u00a0<\/p>\n","protected":false},"excerpt":{"rendered":"<p>Pijama Baby Doll Com Tapa Olhos e Xuxinha Personagens<br \/>&#8211; Confeccionado em suede\u00a0<br \/>&#8211; Modelo est\u00e1 usando tamanho P\u00a0<\/p>\n<p>Aten\u00e7\u00e3o para a tabela de medidas, n\u00e3o efetuamos trocas de pe\u00e7as intimas.<br \/>Tabela de Medidas:<br \/>P veste 36\/38<br \/>M veste 40\/42<br \/>G veste 44<br \/>GG veste 46<\/p>\n","protected":false},"featured_media":34129,"comment_status":"open","ping_status":"closed","template":"","meta":[],"product_brand":[],"product_cat":[28,27,30],"product_tag":[],"class_list":{"0":"post-34137","1":"product","2":"type-product","3":"status-publish","4":"has-post-thumbnail","6":"product_cat-baby-doll","7":"product_cat-para-dormir","8":"product_cat-pijama","10":"first","11":"instock","12":"taxable","13":"shipping-taxable","14":"purchasable","15":"product-type-variable","16":"add-to-wishlist-after_add_to_cart"},"_links":{"self":[{"href":"https:\/\/atacadaodamodaintima.com.br\/clone\/wp-json\/wp\/v2\/product\/34137","targetHints":{"allow":["GET"]}}],"collection":[{"href":"https:\/\/atacadaodamodaintima.com.br\/clone\/wp-json\/wp\/v2\/product"}],"about":[{"href":"https:\/\/atacadaodamodaintima.com.br\/clone\/wp-json\/wp\/v2\/types\/product"}],"replies":[{"embeddable":true,"href":"https:\/\/atacadaodamodaintima.com.br\/clone\/wp-json\/wp\/v2\/comments?post=34137"}],"wp:featuredmedia":[{"embeddable":true,"href":"https:\/\/atacadaodamodaintima.com.br\/clone\/wp-json\/wp\/v2\/media\/34129"}],"wp:attachment":[{"href":"https:\/\/atacadaodamodaintima.com.br\/clone\/wp-json\/wp\/v2\/media?parent=34137"}],"wp:term":[{"taxonomy":"product_brand","embeddable":true,"href":"https:\/\/atacadaodamodaintima.com.br\/clone\/wp-json\/wp\/v2\/product_brand?post=34137"},{"taxonomy":"product_cat","embeddable":true,"href":"https:\/\/atacadaodamodaintima.com.br\/clone\/wp-json\/wp\/v2\/product_cat?post=34137"},{"taxonomy":"product_tag","embeddable":true,"href":"https:\/\/atacadaodamodaintima.com.br\/clone\/wp-json\/wp\/v2\/product_tag?post=34137"}],"curies":[{"name":"wp","href":"https:\/\/api.w.org\/{rel}","templated":true}]}}