{"id":2497,"date":"2024-09-26T22:01:46","date_gmt":"2024-09-27T01:01:46","guid":{"rendered":"https:\/\/likelingerieatacado.com.br\/product\/conjunto-luxo-lilly\/"},"modified":"2024-09-26T22:01:58","modified_gmt":"2024-09-27T01:01:58","slug":"conjunto-luxo-lilly","status":"publish","type":"product","link":"https:\/\/atacadaodamodaintima.com.br\/clone\/conjunto-luxo-lilly\/","title":{"rendered":"Conjunto Luxo Lilly"},"content":{"rendered":"<p class=\"MsoNormal\"><strong>DESCRI\u00c7\u00c3O:<\/strong><\/p>\n<p class=\"MsoNormal\"><strong>&#8211; <\/strong>Em renda bicolor, super macia e confort\u00e1vel.\u00a0<\/p>\n<p class=\"MsoNormal\">&#8211; Bojo bolha no tamanhos P e M<\/p>\n<p class=\"MsoNormal\">&#8211; Suti\u00e3 Fecho duplo com dupla regulagem<\/p>\n<p class=\"MsoNormal\">&#8211; Calcinha com forro em algod\u00e3o<\/p>\n<p class=\"MsoNormal\">\u00a0<\/p>\n<p class=\"MsoNormal\">Aten\u00e7\u00e3o a tabela de medidas, n\u00e3o fazemos trocas de pe\u00e7as \u00edntimas.<\/p>\n<p class=\"MsoNormal\">\u00a0<\/p>\n<p class=\"MsoNormal\"><strong>TABELA DE MEDIDAS:<\/strong><\/p>\n<p class=\"MsoNormal\">P: 36<\/p>\n<p class=\"MsoNormal\">M: 38\/40<\/p>\n<p class=\"MsoNormal\">G: 42\/44<\/p>\n<p class=\"MsoNormal\">GG: 46<\/p>\n<p class=\"MsoNormal\">\u00a0<\/p>\n<p class=\"MsoNormal\">Sobre a cor do produto:<\/p>\n<p class=\"MsoNormal\">Fotos reais do produto em nosso estoque. Pode haver varia\u00e7\u00e3o na cor do produto final de acordo com o brilho do monitor, tela do celular.<\/p>\n<p class=\"MsoNormal\">Tamb\u00e9m pode haver varia\u00e7\u00e3o no desenho da renda.<\/p>\n<p class=\"MsoNormal\">\u00a0<\/p>\n<p class=\"MsoNormal\">A Like4you \u00e9 uma loja especializada em lingerie, sempre trazendo lindas novidades com qualidade e conforto, valorizando a mulher brasileira e tornando seu dia a dia ou noite muito mais especial.<\/p>\n<p class=\"MsoNormal\">\u00a0<\/p>\n<p class=\"MsoNormal\">Aproveite o frete e veja mais produtos em nossa loja.<\/p>\n<p class=\"MsoNormal\">\u00a0<\/p>\n<p class=\"MsoNormal\">Quer retirar e nos conhecer? Estamos localizados em Suzano \/ SP. \u00c9 possivel retirar em nossa loja f\u00edsica, vendemos atacado e varejo.<\/p>\n<p class=\"MsoNormal\">\u00a0<\/p>\n<p class=\"MsoNormal\">Tags: Sensual\/Sexy, Com aro, P ao GG, Dia a Dia, Com Bojo<\/p>\n","protected":false},"excerpt":{"rendered":"<p class=\"MsoNormal\">Aten\u00e7\u00e3o a tabela de medidas, n\u00e3o fazemos trocas de pe\u00e7as \u00edntimas.<\/p>\n<p class=\"MsoNormal\">\u00a0<\/p>\n<p class=\"MsoNormal\"><strong>TABELA DE MEDIDAS:<\/strong><\/p>\n<p class=\"MsoNormal\">P: 36\/38<\/p>\n<p class=\"MsoNormal\">M: 40\/42<\/p>\n<p class=\"MsoNormal\">G: 44<\/p>\n<p class=\"MsoNormal\">GG: 46<\/p>\n<p class=\"MsoNormal\">\u00a0<\/p>\n","protected":false},"featured_media":2489,"comment_status":"open","ping_status":"closed","template":"","meta":[],"product_brand":[],"product_cat":[19,18],"product_tag":[],"class_list":{"0":"post-2497","1":"product","2":"type-product","3":"status-publish","4":"has-post-thumbnail","6":"product_cat-conjunto","7":"product_cat-lingerie","9":"first","10":"outofstock","11":"taxable","12":"shipping-taxable","13":"purchasable","14":"product-type-variable","15":"add-to-wishlist-after_add_to_cart"},"_links":{"self":[{"href":"https:\/\/atacadaodamodaintima.com.br\/clone\/wp-json\/wp\/v2\/product\/2497","targetHints":{"allow":["GET"]}}],"collection":[{"href":"https:\/\/atacadaodamodaintima.com.br\/clone\/wp-json\/wp\/v2\/product"}],"about":[{"href":"https:\/\/atacadaodamodaintima.com.br\/clone\/wp-json\/wp\/v2\/types\/product"}],"replies":[{"embeddable":true,"href":"https:\/\/atacadaodamodaintima.com.br\/clone\/wp-json\/wp\/v2\/comments?post=2497"}],"wp:featuredmedia":[{"embeddable":true,"href":"https:\/\/atacadaodamodaintima.com.br\/clone\/wp-json\/wp\/v2\/media\/2489"}],"wp:attachment":[{"href":"https:\/\/atacadaodamodaintima.com.br\/clone\/wp-json\/wp\/v2\/media?parent=2497"}],"wp:term":[{"taxonomy":"product_brand","embeddable":true,"href":"https:\/\/atacadaodamodaintima.com.br\/clone\/wp-json\/wp\/v2\/product_brand?post=2497"},{"taxonomy":"product_cat","embeddable":true,"href":"https:\/\/atacadaodamodaintima.com.br\/clone\/wp-json\/wp\/v2\/product_cat?post=2497"},{"taxonomy":"product_tag","embeddable":true,"href":"https:\/\/atacadaodamodaintima.com.br\/clone\/wp-json\/wp\/v2\/product_tag?post=2497"}],"curies":[{"name":"wp","href":"https:\/\/api.w.org\/{rel}","templated":true}]}}