{"id":23989,"date":"2024-10-26T09:52:15","date_gmt":"2024-10-26T12:52:15","guid":{"rendered":"https:\/\/likelingerieatacado.com.br\/product\/conjunto-tule-cirre-petra\/"},"modified":"2025-02-25T13:12:51","modified_gmt":"2025-02-25T16:12:51","slug":"conjunto-tule-cirre-petra","status":"publish","type":"product","link":"https:\/\/atacadaodamodaintima.com.br\/clone\/conjunto-tule-cirre-petra\/","title":{"rendered":"Conjunto Tule Cirre Petra"},"content":{"rendered":"<p>Conjunto Tule Cirre\u00a0 <br \/>&#8211; Sem Bojo com aro para melhor sustenta\u00e7\u00e3o do seio\u00a0 <br \/>&#8211; Al\u00e7a com regulagem de tamanho <br \/>&#8211; Calcinha com forro em algod\u00e3o\u00a0 <br \/>\u00a0 <br \/>ATEN\u00c7\u00c3O PARA TABELA DE MEDIDAS N\u00c3O EFETUAMOS TROCAS DE PE\u00c7AS INTIMAS\u00a0 <br \/>Tamanho P veste 36\/38 <br \/>Tamanho M veste 40\/42 <br \/>Tamanho G veste 44 <br \/>Tamanho GG veste 46 <br \/>\u00a0 <br \/>Sobre a cor do produto: <br \/>Fotos reais do produto em nosso estoque. Pode haver varia\u00e7\u00e3o na cor do produto final de acordo com o brilho do monitor, tela do celular. <br \/>Tamb\u00e9m pode haver varia\u00e7\u00e3o no desenho da renda. <br \/>Somos uma loja especializada em lingerie, sempre trazendo lindas novidades com qualidade e conforto, valorizando a mulher brasileira e tornando seu dia a dia ou noite muito mais especial. <br \/>Aproveite o frete e veja mais produtos em nossa loja<\/p>\n","protected":false},"excerpt":{"rendered":"<p>Conjunto Tule Cirre\u00a0<br \/>&#8211; Sem Bojo com aro para melhor sustenta\u00e7\u00e3o do seio\u00a0<br \/>&#8211; Al\u00e7a com regulagem de tamanho<br \/>&#8211; Calcinha com forro em algod\u00e3o\u00a0<br \/>\u00a0<br \/>ATEN\u00c7\u00c3O PARA TABELA DE MEDIDAS N\u00c3O EFETUAMOS TROCAS DE PE\u00c7AS INTIMAS\u00a0<br \/>Tamanho P veste 36\/38<br \/>Tamanho M veste 40\/42<br \/>Tamanho G veste 44<br \/>Tamanho GG veste 46<\/p>\n","protected":false},"featured_media":23983,"comment_status":"open","ping_status":"closed","template":"","meta":[],"product_brand":[],"product_cat":[19,18],"product_tag":[479,463,458,455,456,465],"class_list":{"0":"post-23989","1":"product","2":"type-product","3":"status-publish","4":"has-post-thumbnail","6":"product_cat-conjunto","7":"product_cat-lingerie","8":"product_tag-cirre","9":"product_tag-com-aro","10":"product_tag-fio-dental","11":"product_tag-sem-bojo","12":"product_tag-sensual","13":"product_tag-tule","15":"first","16":"instock","17":"taxable","18":"shipping-taxable","19":"purchasable","20":"product-type-variable","21":"add-to-wishlist-after_add_to_cart"},"_links":{"self":[{"href":"https:\/\/atacadaodamodaintima.com.br\/clone\/wp-json\/wp\/v2\/product\/23989","targetHints":{"allow":["GET"]}}],"collection":[{"href":"https:\/\/atacadaodamodaintima.com.br\/clone\/wp-json\/wp\/v2\/product"}],"about":[{"href":"https:\/\/atacadaodamodaintima.com.br\/clone\/wp-json\/wp\/v2\/types\/product"}],"replies":[{"embeddable":true,"href":"https:\/\/atacadaodamodaintima.com.br\/clone\/wp-json\/wp\/v2\/comments?post=23989"}],"wp:featuredmedia":[{"embeddable":true,"href":"https:\/\/atacadaodamodaintima.com.br\/clone\/wp-json\/wp\/v2\/media\/23983"}],"wp:attachment":[{"href":"https:\/\/atacadaodamodaintima.com.br\/clone\/wp-json\/wp\/v2\/media?parent=23989"}],"wp:term":[{"taxonomy":"product_brand","embeddable":true,"href":"https:\/\/atacadaodamodaintima.com.br\/clone\/wp-json\/wp\/v2\/product_brand?post=23989"},{"taxonomy":"product_cat","embeddable":true,"href":"https:\/\/atacadaodamodaintima.com.br\/clone\/wp-json\/wp\/v2\/product_cat?post=23989"},{"taxonomy":"product_tag","embeddable":true,"href":"https:\/\/atacadaodamodaintima.com.br\/clone\/wp-json\/wp\/v2\/product_tag?post=23989"}],"curies":[{"name":"wp","href":"https:\/\/api.w.org\/{rel}","templated":true}]}}