{"id":22503,"date":"2024-10-25T16:00:36","date_gmt":"2024-10-25T19:00:36","guid":{"rendered":"https:\/\/likelingerieatacado.com.br\/product\/biquini-hot-pants-raissa-ref-xx93\/"},"modified":"2025-02-13T12:55:17","modified_gmt":"2025-02-13T15:55:17","slug":"biquini-hot-pants-raissa-ref-xx93","status":"publish","type":"product","link":"https:\/\/atacadaodamodaintima.com.br\/clone\/biquini-hot-pants-raissa-ref-xx93\/","title":{"rendered":"Biqu\u00edni Hot Pants Raissa Ref XX93"},"content":{"rendered":"<p>Biqu\u00edni Hot Pants Fio Dental Raissa <br \/>&#8211; Calcinha Cintura Alta fio dental\u00a0 <br \/>&#8211; Suti\u00e3 com bojo remov\u00edvel\u00a0 <br \/>&#8211; Confeccionado em poliamida premium <br \/>\u00a0 <br \/>ATEN\u00c7\u00c3O PARA A TABELA DE MEDIDAS, N\u00c3O EFETUAMOS TROCAS DE PE\u00c7AS INTIMAS.\u00a0 <br \/>Tamanho P veste 36\/38 <br \/>Tamanho M veste 40\/42 <br \/>Tamanho G veste 44 <br \/>Tamanho GG veste 46 <br \/>\u00a0 <br \/>Sobre a cor do produto: <br \/>Fotos reais do produto em nosso estoque. Pode haver varia\u00e7\u00e3o na cor do produto final de acordo com o brilho do monitor, tela do celular. <br \/>Somos uma loja especializada em lingerie, sempre trazendo lindas novidades com qualidade e conforto, valorizando a mulher brasileira e tornando seu dia a dia ou noite muito mais especial. <br \/>Aproveite o frete e veja mais produtos.<\/p>\n","protected":false},"excerpt":{"rendered":"<p>Biqu\u00edni Hot Pants Fio Dental Raissa<br \/>&#8211; Calcinha Cintura Alta fio dental\u00a0<br \/>&#8211; Suti\u00e3 com bojo remov\u00edvel\u00a0<br \/>&#8211; Confeccionado em poliamida premium<br \/>\u00a0<br \/>ATEN\u00c7\u00c3O PARA A TABELA DE MEDIDAS, N\u00c3O EFETUAMOS TROCAS DE PE\u00c7AS INTIMAS.\u00a0<br \/>Tamanho P veste 36\/38<br \/>Tamanho M veste 40\/42<br \/>Tamanho G veste 44<br \/>Tamanho GG veste 46<\/p>\n","protected":false},"featured_media":22494,"comment_status":"open","ping_status":"closed","template":"","meta":[],"product_brand":[],"product_cat":[36,35],"product_tag":[478,457,458,459],"class_list":{"0":"post-22503","1":"product","2":"type-product","3":"status-publish","4":"has-post-thumbnail","6":"product_cat-biquini","7":"product_cat-moda-praia","8":"product_tag-cintura-alta","9":"product_tag-com-bojo-removivel","10":"product_tag-fio-dental","11":"product_tag-poliamida","13":"first","14":"instock","15":"taxable","16":"shipping-taxable","17":"purchasable","18":"product-type-variable","19":"add-to-wishlist-after_add_to_cart"},"_links":{"self":[{"href":"https:\/\/atacadaodamodaintima.com.br\/clone\/wp-json\/wp\/v2\/product\/22503","targetHints":{"allow":["GET"]}}],"collection":[{"href":"https:\/\/atacadaodamodaintima.com.br\/clone\/wp-json\/wp\/v2\/product"}],"about":[{"href":"https:\/\/atacadaodamodaintima.com.br\/clone\/wp-json\/wp\/v2\/types\/product"}],"replies":[{"embeddable":true,"href":"https:\/\/atacadaodamodaintima.com.br\/clone\/wp-json\/wp\/v2\/comments?post=22503"}],"wp:featuredmedia":[{"embeddable":true,"href":"https:\/\/atacadaodamodaintima.com.br\/clone\/wp-json\/wp\/v2\/media\/22494"}],"wp:attachment":[{"href":"https:\/\/atacadaodamodaintima.com.br\/clone\/wp-json\/wp\/v2\/media?parent=22503"}],"wp:term":[{"taxonomy":"product_brand","embeddable":true,"href":"https:\/\/atacadaodamodaintima.com.br\/clone\/wp-json\/wp\/v2\/product_brand?post=22503"},{"taxonomy":"product_cat","embeddable":true,"href":"https:\/\/atacadaodamodaintima.com.br\/clone\/wp-json\/wp\/v2\/product_cat?post=22503"},{"taxonomy":"product_tag","embeddable":true,"href":"https:\/\/atacadaodamodaintima.com.br\/clone\/wp-json\/wp\/v2\/product_tag?post=22503"}],"curies":[{"name":"wp","href":"https:\/\/api.w.org\/{rel}","templated":true}]}}