{"id":20620,"date":"2024-10-25T12:53:40","date_gmt":"2024-10-25T15:53:40","guid":{"rendered":"https:\/\/likelingerieatacado.com.br\/product\/calcinha-fio-duplo-regulagem-zebrinha-ref-1278\/"},"modified":"2025-01-14T12:01:41","modified_gmt":"2025-01-14T15:01:41","slug":"calcinha-fio-duplo-regulagem-zebrinha-ref-1278","status":"publish","type":"product","link":"https:\/\/atacadaodamodaintima.com.br\/clone\/calcinha-fio-duplo-regulagem-zebrinha-ref-1278\/","title":{"rendered":"Calcinha Fio Duplo Regulagem Zebrinha Ref 1278"},"content":{"rendered":"<p>Calcinha Regulagem Fio Duplo Zebrinha <br \/>&#8211; Confeccionado em microfibra\u00a0\u00a0 <br \/>&#8211; Com forro 100% algod\u00e3o\u00a0\u00a0 <br \/>\u00a0 <br \/>Aten\u00e7\u00e3o para a tabela de medidas, n\u00e3o efetuamos trocas de pe\u00e7as intimas. <br \/>Tabela de Medidas: <br \/>P Veste\u00a0 36\/38 <br \/>M Veste 40\/42 <br \/>G Veste 44 <br \/>GG Veste 46 <br \/>\u00a0 <br \/>Sobre a cor do produto: <br \/>Fotos reais do produto em nosso estoque. Pode haver varia\u00e7\u00e3o na cor do produto final de acordo com o brilho do monitor, tela do celular. <br \/>Tamb\u00e9m pode haver varia\u00e7\u00e3o no desenho da renda. <br \/>Aproveite o frete e veja mais produtos em nossa loja. <br \/>Somos uma loja especializada em lingerie, sempre trazendo lindas novidades com qualidade e conforto, valorizando a mulher brasileira e tornando seu dia a dia ou noite muito mais especial.<\/p>\n","protected":false},"excerpt":{"rendered":"<p>Calcinha Regulagem Fio Duplo Zebrinha<br \/>&#8211; Confeccionado em microfibra\u00a0\u00a0<br \/>&#8211; Com forro 100% algod\u00e3o\u00a0\u00a0<br \/>\u00a0<br \/>Aten\u00e7\u00e3o para a tabela de medidas, n\u00e3o efetuamos trocas de pe\u00e7as intimas.<br \/>Tabela de Medidas:<br \/>P Veste\u00a0 36\/38<br \/>M Veste 40\/42<br \/>G Veste 44<br \/>GG Veste 46<\/p>\n","protected":false},"featured_media":20616,"comment_status":"open","ping_status":"closed","template":"","meta":[],"product_brand":[],"product_cat":[20,18],"product_tag":[],"class_list":{"0":"post-20620","1":"product","2":"type-product","3":"status-publish","4":"has-post-thumbnail","6":"product_cat-calcinha","7":"product_cat-lingerie","9":"first","10":"instock","11":"taxable","12":"shipping-taxable","13":"purchasable","14":"product-type-variable","15":"add-to-wishlist-after_add_to_cart"},"_links":{"self":[{"href":"https:\/\/atacadaodamodaintima.com.br\/clone\/wp-json\/wp\/v2\/product\/20620","targetHints":{"allow":["GET"]}}],"collection":[{"href":"https:\/\/atacadaodamodaintima.com.br\/clone\/wp-json\/wp\/v2\/product"}],"about":[{"href":"https:\/\/atacadaodamodaintima.com.br\/clone\/wp-json\/wp\/v2\/types\/product"}],"replies":[{"embeddable":true,"href":"https:\/\/atacadaodamodaintima.com.br\/clone\/wp-json\/wp\/v2\/comments?post=20620"}],"wp:featuredmedia":[{"embeddable":true,"href":"https:\/\/atacadaodamodaintima.com.br\/clone\/wp-json\/wp\/v2\/media\/20616"}],"wp:attachment":[{"href":"https:\/\/atacadaodamodaintima.com.br\/clone\/wp-json\/wp\/v2\/media?parent=20620"}],"wp:term":[{"taxonomy":"product_brand","embeddable":true,"href":"https:\/\/atacadaodamodaintima.com.br\/clone\/wp-json\/wp\/v2\/product_brand?post=20620"},{"taxonomy":"product_cat","embeddable":true,"href":"https:\/\/atacadaodamodaintima.com.br\/clone\/wp-json\/wp\/v2\/product_cat?post=20620"},{"taxonomy":"product_tag","embeddable":true,"href":"https:\/\/atacadaodamodaintima.com.br\/clone\/wp-json\/wp\/v2\/product_tag?post=20620"}],"curies":[{"name":"wp","href":"https:\/\/api.w.org\/{rel}","templated":true}]}}