{"id":19474,"date":"2024-10-25T11:59:48","date_gmt":"2024-10-25T14:59:48","guid":{"rendered":"https:\/\/likelingerieatacado.com.br\/product\/calcinha-fio-dental-confort-plus-size-ref-5032\/"},"modified":"2024-10-25T11:59:57","modified_gmt":"2024-10-25T14:59:57","slug":"calcinha-fio-dental-confort-plus-size-ref-5032","status":"publish","type":"product","link":"https:\/\/atacadaodamodaintima.com.br\/clone\/calcinha-fio-dental-confort-plus-size-ref-5032\/","title":{"rendered":"Calcinha Fio Dental Confort Plus Size Ref 5032"},"content":{"rendered":"<p>Calcinha C\u00f3s Largo Fio Dental Confort Plus Size <br \/>&#8211; Confeccionado poliamida com forro 100% algod\u00e3o <br \/>\u00a0 <br \/>Aten\u00e7\u00e3o para a tabela de medidas, n\u00e3o efetuamos trocas de pe\u00e7as intimas. <br \/>Tabela de Medidas: <br \/>48: Cintura 86-93 cm &#8212; Quadril 111-118 cm <br \/>50: Cintura 94-101 cm &#8212; Quadril 119-126 cm <br \/>52: Cintura 102-109 cm &#8212; Quadril 124-132 cm <br \/>\u00a0 <br \/>Sobre a cor do produto: <br \/>Fotos reais do produto em nosso estoque. Pode aver varia\u00e7\u00e3o na cor do produto final de acordo com o brilho do monitor, tela do celular. <br \/>Tamb\u00e9m pode haver varia\u00e7\u00e3o no desenho da renda. <br \/>Aproveite o frete e veja mais produtos em nossa loja. <br \/>Somos uma loja especializada em lingerie, sempre trazendo lindas novidades com qualidade e conforto, valorizando a mulher brasileira e tornando seu dia a dia ou noite muito mais especial.<\/p>\n","protected":false},"excerpt":{"rendered":"<p>Calcinha C\u00f3s Largo Fio Dental Confort Plus Size<br \/>&#8211; Confeccionado poliamida com forro 100% algod\u00e3o<br \/>\u00a0<br \/>Aten\u00e7\u00e3o para a tabela de medidas, n\u00e3o efetuamos trocas de pe\u00e7as intimas.<br \/>Tabela de Medidas:<br \/>48: Cintura 86-93 cm &#8212; Quadril 111-118 cm<br \/>50: Cintura 94-101 cm &#8212; Quadril 119-126 cm<br \/>52: Cintura 102-109 cm &#8212; Quadril 124-132 cm<\/p>\n","protected":false},"featured_media":19468,"comment_status":"open","ping_status":"closed","template":"","meta":[],"product_brand":[],"product_cat":[20,18],"product_tag":[],"class_list":{"0":"post-19474","1":"product","2":"type-product","3":"status-publish","4":"has-post-thumbnail","6":"product_cat-calcinha","7":"product_cat-lingerie","9":"first","10":"outofstock","11":"taxable","12":"shipping-taxable","13":"purchasable","14":"product-type-variable","15":"add-to-wishlist-after_add_to_cart"},"_links":{"self":[{"href":"https:\/\/atacadaodamodaintima.com.br\/clone\/wp-json\/wp\/v2\/product\/19474","targetHints":{"allow":["GET"]}}],"collection":[{"href":"https:\/\/atacadaodamodaintima.com.br\/clone\/wp-json\/wp\/v2\/product"}],"about":[{"href":"https:\/\/atacadaodamodaintima.com.br\/clone\/wp-json\/wp\/v2\/types\/product"}],"replies":[{"embeddable":true,"href":"https:\/\/atacadaodamodaintima.com.br\/clone\/wp-json\/wp\/v2\/comments?post=19474"}],"wp:featuredmedia":[{"embeddable":true,"href":"https:\/\/atacadaodamodaintima.com.br\/clone\/wp-json\/wp\/v2\/media\/19468"}],"wp:attachment":[{"href":"https:\/\/atacadaodamodaintima.com.br\/clone\/wp-json\/wp\/v2\/media?parent=19474"}],"wp:term":[{"taxonomy":"product_brand","embeddable":true,"href":"https:\/\/atacadaodamodaintima.com.br\/clone\/wp-json\/wp\/v2\/product_brand?post=19474"},{"taxonomy":"product_cat","embeddable":true,"href":"https:\/\/atacadaodamodaintima.com.br\/clone\/wp-json\/wp\/v2\/product_cat?post=19474"},{"taxonomy":"product_tag","embeddable":true,"href":"https:\/\/atacadaodamodaintima.com.br\/clone\/wp-json\/wp\/v2\/product_tag?post=19474"}],"curies":[{"name":"wp","href":"https:\/\/api.w.org\/{rel}","templated":true}]}}