{"id":18837,"date":"2024-10-25T11:25:49","date_gmt":"2024-10-25T14:25:49","guid":{"rendered":"https:\/\/likelingerieatacado.com.br\/product\/biquini-fita-basico\/"},"modified":"2025-02-04T10:31:39","modified_gmt":"2025-02-04T13:31:39","slug":"biquini-fita-basico","status":"publish","type":"product","link":"https:\/\/atacadaodamodaintima.com.br\/clone\/biquini-fita-basico\/","title":{"rendered":"Biqu\u00edni Fita B\u00e1sico"},"content":{"rendered":"<p>&#8211; Biquini Fita B\u00e1sico\u00a0 <br \/>&#8211; Com Bojo <br \/>&#8211; Confeccionado em Suplex\u00a0 <br \/>&#8211; Tamanho \u00fanico veste 38 ao 42\u00a0 <br \/>\u00a0 <br \/>CONSERVA\u00c7\u00c3O: <br \/>Lavar \u00e0 m\u00e3o. N\u00e3o usar alvejante. N\u00e3o secar em secadora. N\u00e3o passar a ferro. N\u00e3o lavar a seco. Lavar sempre com sab\u00e3o neutro. <br \/>\u00a0 <br \/>Sobre a cor do produto: <br \/>Fotos reais do produto em nosso estoque. Pode haver varia\u00e7\u00e3o na cor do produto final de acordo com o brilho do monitor, tela do celular. <br \/>Tamb\u00e9m pode haver varia\u00e7\u00e3o no desenho da renda. <br \/>Somos uma loja especializada em lingerie, sempre trazendo lindas novidades com qualidade e conforto, valorizando a mulher brasileira e tornando seu dia a dia ou noite muito mais especial. <br \/>Aproveite o frete e veja mais produtos em nossa loja.<\/p>\n","protected":false},"excerpt":{"rendered":"<p>&#8211; Biquini Fita B\u00e1sico\u00a0<br \/>&#8211; Com Bojo<br \/>&#8211; Confeccionado em Suplex\u00a0<br \/>&#8211; Tamanho \u00fanico veste 38 ao 42\u00a0<br \/>\u00a0<br \/>CONSERVA\u00c7\u00c3O:<br \/>Lavar \u00e0 m\u00e3o. N\u00e3o usar alvejante. N\u00e3o secar em secadora. N\u00e3o passar a ferro. N\u00e3o lavar a seco. Lavar sempre com sab\u00e3o neutro.<\/p>\n","protected":false},"featured_media":18828,"comment_status":"open","ping_status":"closed","template":"","meta":[],"product_brand":[],"product_cat":[36,35],"product_tag":[],"class_list":{"0":"post-18837","1":"product","2":"type-product","3":"status-publish","4":"has-post-thumbnail","6":"product_cat-biquini","7":"product_cat-moda-praia","9":"first","10":"instock","11":"taxable","12":"shipping-taxable","13":"purchasable","14":"product-type-variable","15":"add-to-wishlist-after_add_to_cart"},"_links":{"self":[{"href":"https:\/\/atacadaodamodaintima.com.br\/clone\/wp-json\/wp\/v2\/product\/18837","targetHints":{"allow":["GET"]}}],"collection":[{"href":"https:\/\/atacadaodamodaintima.com.br\/clone\/wp-json\/wp\/v2\/product"}],"about":[{"href":"https:\/\/atacadaodamodaintima.com.br\/clone\/wp-json\/wp\/v2\/types\/product"}],"replies":[{"embeddable":true,"href":"https:\/\/atacadaodamodaintima.com.br\/clone\/wp-json\/wp\/v2\/comments?post=18837"}],"wp:featuredmedia":[{"embeddable":true,"href":"https:\/\/atacadaodamodaintima.com.br\/clone\/wp-json\/wp\/v2\/media\/18828"}],"wp:attachment":[{"href":"https:\/\/atacadaodamodaintima.com.br\/clone\/wp-json\/wp\/v2\/media?parent=18837"}],"wp:term":[{"taxonomy":"product_brand","embeddable":true,"href":"https:\/\/atacadaodamodaintima.com.br\/clone\/wp-json\/wp\/v2\/product_brand?post=18837"},{"taxonomy":"product_cat","embeddable":true,"href":"https:\/\/atacadaodamodaintima.com.br\/clone\/wp-json\/wp\/v2\/product_cat?post=18837"},{"taxonomy":"product_tag","embeddable":true,"href":"https:\/\/atacadaodamodaintima.com.br\/clone\/wp-json\/wp\/v2\/product_tag?post=18837"}],"curies":[{"name":"wp","href":"https:\/\/api.w.org\/{rel}","templated":true}]}}