{"id":17054,"date":"2024-10-24T15:19:16","date_gmt":"2024-10-24T18:19:16","guid":{"rendered":"https:\/\/likelingerieatacado.com.br\/product\/calcinha-ref-121b\/"},"modified":"2025-02-14T18:29:04","modified_gmt":"2025-02-14T21:29:04","slug":"calcinha-ref-121b","status":"publish","type":"product","link":"https:\/\/atacadaodamodaintima.com.br\/clone\/calcinha-ref-121b\/","title":{"rendered":"Calcinha Ref 121B"},"content":{"rendered":"<p>Calcinha Cintura M\u00e9dia Simone<\/p>\n<p>&#8211; Confeccionado microfibra com toque de poliamida<\/p>\n<p>&#8211; Forro 100% algod\u00e3o\u00a0\u00a0<\/p>\n<p>Aten\u00e7\u00e3o para a tabela de medidas, n\u00e3o efetuamos trocas de pe\u00e7as intimas.<\/p>\n<p><strong>Tabela de Medidas:<\/strong><\/p>\n<p>P: 36\/38<\/p>\n<p>M: 40\/42<\/p>\n<p>G: 44<\/p>\n<p>GG:46<\/p>\n<p>\u00a0<\/p>\n<p><strong>Sobre a cor do produto:<\/strong><\/p>\n<p>Fotos reais do produto em nosso estoque. Pode haver varia\u00e7\u00e3o na cor do produto final de acordo com o brilho do monitor, tela do celular.<\/p>\n<p>Tamb\u00e9m pode haver varia\u00e7\u00e3o no desenho da renda.<\/p>\n<p>Aproveite o frete e veja mais produtos em nossa loja.<\/p>\n<p>A Like4you \u00e9 uma loja especializada em lingerie, sempre trazendo lindas novidades com qualidade e conforto, valorizando a mulher brasileira e tornando seu dia a dia ou noite muito mais especial.<\/p>\n","protected":false},"excerpt":{"rendered":"<p>Calcinha Cintura M\u00e9dia Simone<\/p>\n<p>&#8211; Confeccionado microfibra com toque de poliamida<\/p>\n<p>&#8211; Forro 100% algod\u00e3o\u00a0\u00a0<\/p>\n<p>Aten\u00e7\u00e3o para a tabela de medidas, n\u00e3o efetuamos trocas de pe\u00e7as intimas.<\/p>\n<p><strong>Tabela de Medidas:<\/strong><\/p>\n<p>P: 36\/38<\/p>\n<p>M: 40\/42<\/p>\n<p>G: 44<\/p>\n<p>GG:46<\/p>\n<p>\u00a0<\/p>\n","protected":false},"featured_media":17046,"comment_status":"open","ping_status":"closed","template":"","meta":[],"product_brand":[],"product_cat":[20,18],"product_tag":[],"class_list":{"0":"post-17054","1":"product","2":"type-product","3":"status-publish","4":"has-post-thumbnail","6":"product_cat-calcinha","7":"product_cat-lingerie","9":"first","10":"instock","11":"taxable","12":"shipping-taxable","13":"purchasable","14":"product-type-variable","15":"add-to-wishlist-after_add_to_cart"},"_links":{"self":[{"href":"https:\/\/atacadaodamodaintima.com.br\/clone\/wp-json\/wp\/v2\/product\/17054","targetHints":{"allow":["GET"]}}],"collection":[{"href":"https:\/\/atacadaodamodaintima.com.br\/clone\/wp-json\/wp\/v2\/product"}],"about":[{"href":"https:\/\/atacadaodamodaintima.com.br\/clone\/wp-json\/wp\/v2\/types\/product"}],"replies":[{"embeddable":true,"href":"https:\/\/atacadaodamodaintima.com.br\/clone\/wp-json\/wp\/v2\/comments?post=17054"}],"wp:featuredmedia":[{"embeddable":true,"href":"https:\/\/atacadaodamodaintima.com.br\/clone\/wp-json\/wp\/v2\/media\/17046"}],"wp:attachment":[{"href":"https:\/\/atacadaodamodaintima.com.br\/clone\/wp-json\/wp\/v2\/media?parent=17054"}],"wp:term":[{"taxonomy":"product_brand","embeddable":true,"href":"https:\/\/atacadaodamodaintima.com.br\/clone\/wp-json\/wp\/v2\/product_brand?post=17054"},{"taxonomy":"product_cat","embeddable":true,"href":"https:\/\/atacadaodamodaintima.com.br\/clone\/wp-json\/wp\/v2\/product_cat?post=17054"},{"taxonomy":"product_tag","embeddable":true,"href":"https:\/\/atacadaodamodaintima.com.br\/clone\/wp-json\/wp\/v2\/product_tag?post=17054"}],"curies":[{"name":"wp","href":"https:\/\/api.w.org\/{rel}","templated":true}]}}