{"id":16134,"date":"2024-10-24T14:33:01","date_gmt":"2024-10-24T17:33:01","guid":{"rendered":"https:\/\/likelingerieatacado.com.br\/product\/cinta-modeladora-redutora-faixa-12-barbatanas\/"},"modified":"2025-02-19T19:07:31","modified_gmt":"2025-02-19T22:07:31","slug":"cinta-modeladora-redutora-faixa-12-barbatanas","status":"publish","type":"product","link":"https:\/\/atacadaodamodaintima.com.br\/clone\/cinta-modeladora-redutora-faixa-12-barbatanas\/","title":{"rendered":"Cinta Modeladora Redutora Faixa 12 Barbatanas"},"content":{"rendered":"<p>Cinta Modeladora Feminina 12 Barbatanas Abdominal Redutora Corselet Corpete O <br \/>&#8211; Cinta Modeladora que Reduz medidas imediatamente com muito conforto <br \/>&#8211; 12 Barbatanas <br \/>&#8211; Forro Duplo <br \/>&#8211; Modela silhueta, efeito seca barriga\u00a0 <br \/>&#8211; Afina a cintura e melhora a auto estima <br \/>&#8211; Dupla regulagem para maior conforto <br \/>&#8211; Ajuda a aliviar dores lombares <br \/>&#8211; Corrige a postura <br \/>&#8211; Fecho duplo de colchetes <br \/>&#8211; N\u00e3o enrola possui 12 barbatanas flex\u00edveis em polipropileno <br \/>\u00a0 <br \/>COMPOSI\u00c7\u00c3O DO TECIDO: 90% Poliamida 10% Elastano <br \/>\u00a0 <br \/>TABELA DE MEDIDAS:\u00a0 <br \/>Tamanho PP Cintura 60 a 63cm\u00a0 &#8211; QuadriL 86 a 89cm\u00a0 <br \/>Tamanho P Cintura 64 a 71cm &#8211; Quadril 90 a 97cm <br \/>Tamanho M Cintura 72 a 79cm &#8211; Quadril\u00a0 98 a 105cm <br \/>Tamanho G Cintura\u00a0 80 a 87cm &#8211; Quadril 106 a 114cm <br \/>Tamanho GG Cintura -88 a 95cm &#8211; Quadril 115 a 120cm <br \/>\u00a0 <br \/>Sobre a cor do produto: <br \/>Fotos reais do produto em nosso estoque. Pode haver varia\u00e7\u00e3o na cor do produto final de acordo com o brilho do monitor, tela do celular. <br \/>Tamb\u00e9m pode haver varia\u00e7\u00e3o no desenho da renda. <br \/>Somos uma loja especializada em lingerie, sempre trazendo lindas novidades com qualidade e conforto, valorizando a mulher brasileira e tornando seu dia a dia ou noite muito mais especial. <br \/>Aproveite o frete e veja mais produtos em nossa loja.<\/p>\n","protected":false},"excerpt":{"rendered":"<p>Cinta Modeladora Feminina 12 Barbatanas Abdominal Redutora Corselet Corpete O<br \/>&#8211; Cinta Modeladora que Reduz medidas imediatamente com muito conforto<br \/>&#8211; 12 Barbatanas<br \/>&#8211; Forro Duplo<br \/>&#8211; Modela silhueta, efeito seca barriga\u00a0<br \/>&#8211; Afina a cintura e melhora a auto estima<br \/>&#8211; Dupla regulagem para maior conforto<br \/>&#8211; Ajuda a aliviar dores lombares<br \/>&#8211; Corrige a postura<br \/>&#8211; Fecho duplo de colchetes<br \/>&#8211; N\u00e3o enrola possui 12 barbatanas flex\u00edveis em polipropileno<br \/>\u00a0<br \/>COMPOSI\u00c7\u00c3O DO TECIDO: 90% Poliamida 10% Elastano<br \/>\u00a0<br \/>TABELA DE MEDIDAS:\u00a0<br \/>Tamanho PP Cintura 60 a 63cm\u00a0 &#8211; QuadriL 86 a 89cm\u00a0<br \/>Tamanho P Cintura 64 a 71cm &#8211; Quadril 90 a 97cm<br \/>Tamanho M Cintura 72 a 79cm &#8211; Quadril\u00a0 98 a 105cm<br \/>Tamanho G Cintura\u00a0 80 a 87cm &#8211; Quadril 106 a 114cm<br \/>Tamanho GG Cintura -88 a 95cm &#8211; Quadril 115 a 120cm<br \/>\u00a0<br \/>Sobre a cor do produto:<br \/>Fotos reais do produto em nosso estoque. Pode haver varia\u00e7\u00e3o na cor do produto final de acordo com o brilho do monitor, tela do celular.<br \/>Tamb\u00e9m pode haver varia\u00e7\u00e3o no desenho da renda.<br \/>Somos uma loja especializada em lingerie, sempre trazendo lindas novidades com qualidade e conforto, valorizando a mulher brasileira e tornando seu dia a dia ou noite muito mais especial.<br \/>Aproveite o frete e veja mais produtos em nossa loja.<\/p>\n","protected":false},"featured_media":16129,"comment_status":"open","ping_status":"closed","template":"","meta":[],"product_brand":[],"product_cat":[18,22],"product_tag":[],"class_list":{"0":"post-16134","1":"product","2":"type-product","3":"status-publish","4":"has-post-thumbnail","6":"product_cat-lingerie","7":"product_cat-modeladora","9":"first","10":"instock","11":"taxable","12":"shipping-taxable","13":"purchasable","14":"product-type-variable","15":"add-to-wishlist-after_add_to_cart"},"_links":{"self":[{"href":"https:\/\/atacadaodamodaintima.com.br\/clone\/wp-json\/wp\/v2\/product\/16134","targetHints":{"allow":["GET"]}}],"collection":[{"href":"https:\/\/atacadaodamodaintima.com.br\/clone\/wp-json\/wp\/v2\/product"}],"about":[{"href":"https:\/\/atacadaodamodaintima.com.br\/clone\/wp-json\/wp\/v2\/types\/product"}],"replies":[{"embeddable":true,"href":"https:\/\/atacadaodamodaintima.com.br\/clone\/wp-json\/wp\/v2\/comments?post=16134"}],"wp:featuredmedia":[{"embeddable":true,"href":"https:\/\/atacadaodamodaintima.com.br\/clone\/wp-json\/wp\/v2\/media\/16129"}],"wp:attachment":[{"href":"https:\/\/atacadaodamodaintima.com.br\/clone\/wp-json\/wp\/v2\/media?parent=16134"}],"wp:term":[{"taxonomy":"product_brand","embeddable":true,"href":"https:\/\/atacadaodamodaintima.com.br\/clone\/wp-json\/wp\/v2\/product_brand?post=16134"},{"taxonomy":"product_cat","embeddable":true,"href":"https:\/\/atacadaodamodaintima.com.br\/clone\/wp-json\/wp\/v2\/product_cat?post=16134"},{"taxonomy":"product_tag","embeddable":true,"href":"https:\/\/atacadaodamodaintima.com.br\/clone\/wp-json\/wp\/v2\/product_tag?post=16134"}],"curies":[{"name":"wp","href":"https:\/\/api.w.org\/{rel}","templated":true}]}}