{"id":13365,"date":"2024-10-23T14:47:51","date_gmt":"2024-10-23T17:47:51","guid":{"rendered":"https:\/\/likelingerieatacado.com.br\/product\/calcinha-plus-size-lacradora\/"},"modified":"2025-02-25T15:35:40","modified_gmt":"2025-02-25T18:35:40","slug":"calcinha-plus-size-lacradora","status":"publish","type":"product","link":"https:\/\/atacadaodamodaintima.com.br\/clone\/calcinha-plus-size-lacradora\/","title":{"rendered":"Calcinha Plus Size Lacradora"},"content":{"rendered":"<p>Calcinha Lacradora Plus Size\u00a0 &#8211; Confeccionada em Renda otima de qualidade\u00a0 <br \/>&#8211; Abertura com amarra\u00e7\u00e3o em cetim na parte de tr\u00e1s da calcinha <br \/>&#8211; Composi\u00e7\u00e3o 90% poliamida\/poli\u00e9ster e 10% elastano <br \/>\u00a0 <br \/>ATEN\u00c7\u00c3O PARA A TABELA DE MEDIDAS,N\u00c3O EFETUAMOS TROCAS DE PE\u00c7AS INTIMAS.\u00a0 <br \/>Tamanho G1 veste 48\u00a0 <br \/>Tamanho G2 veste 50 <br \/>Tamanho G3 veste 52 <br \/>Tamanho G4 veste 54 <br \/>\u00a0 <br \/>Sobre a cor do produto:\u00a0 <br \/>Fotos reais do produto em nosso estoque. Pode haver varia\u00e7\u00e3o na cor do produto final de acordo com o brilho do monitor, tela do celular. <br \/>Tamb\u00e9m pode haver varia\u00e7\u00e3o no desenho da renda.\u00a0 <br \/>Somos uma loja especializada em lingerie, sempre trazendo lindas novidades com qualidade e conforto, valorizando a mulher brasileira e tornando seu dia a dia ou noite muito mais especial. <br \/>Aproveite o frete e veja mais produtos em nossa loja.<\/p>\n","protected":false},"excerpt":{"rendered":"<p>Calcinha Lacradora Plus Size\u00a0 &#8211; Confeccionada em Renda otima de qualidade\u00a0<br \/>&#8211; Abertura com amarra\u00e7\u00e3o em cetim na parte de tr\u00e1s da calcinha<br \/>&#8211; Composi\u00e7\u00e3o 90% poliamida\/poli\u00e9ster e 10% elastano<br \/>\u00a0<br \/>ATEN\u00c7\u00c3O PARA A TABELA DE MEDIDAS,N\u00c3O EFETUAMOS TROCAS DE PE\u00c7AS INTIMAS.\u00a0<br \/>Tamanho G1 veste 48\u00a0<br \/>Tamanho G2 veste 50<br \/>Tamanho G3 veste 52<br \/>Tamanho G4 veste 54<\/p>\n","protected":false},"featured_media":13356,"comment_status":"open","ping_status":"closed","template":"","meta":[],"product_brand":[],"product_cat":[20,18],"product_tag":[],"class_list":{"0":"post-13365","1":"product","2":"type-product","3":"status-publish","4":"has-post-thumbnail","6":"product_cat-calcinha","7":"product_cat-lingerie","9":"first","10":"instock","11":"taxable","12":"shipping-taxable","13":"purchasable","14":"product-type-variable","15":"add-to-wishlist-after_add_to_cart"},"_links":{"self":[{"href":"https:\/\/atacadaodamodaintima.com.br\/clone\/wp-json\/wp\/v2\/product\/13365","targetHints":{"allow":["GET"]}}],"collection":[{"href":"https:\/\/atacadaodamodaintima.com.br\/clone\/wp-json\/wp\/v2\/product"}],"about":[{"href":"https:\/\/atacadaodamodaintima.com.br\/clone\/wp-json\/wp\/v2\/types\/product"}],"replies":[{"embeddable":true,"href":"https:\/\/atacadaodamodaintima.com.br\/clone\/wp-json\/wp\/v2\/comments?post=13365"}],"wp:featuredmedia":[{"embeddable":true,"href":"https:\/\/atacadaodamodaintima.com.br\/clone\/wp-json\/wp\/v2\/media\/13356"}],"wp:attachment":[{"href":"https:\/\/atacadaodamodaintima.com.br\/clone\/wp-json\/wp\/v2\/media?parent=13365"}],"wp:term":[{"taxonomy":"product_brand","embeddable":true,"href":"https:\/\/atacadaodamodaintima.com.br\/clone\/wp-json\/wp\/v2\/product_brand?post=13365"},{"taxonomy":"product_cat","embeddable":true,"href":"https:\/\/atacadaodamodaintima.com.br\/clone\/wp-json\/wp\/v2\/product_cat?post=13365"},{"taxonomy":"product_tag","embeddable":true,"href":"https:\/\/atacadaodamodaintima.com.br\/clone\/wp-json\/wp\/v2\/product_tag?post=13365"}],"curies":[{"name":"wp","href":"https:\/\/api.w.org\/{rel}","templated":true}]}}