{"id":12877,"date":"2024-10-23T14:17:36","date_gmt":"2024-10-23T17:17:36","guid":{"rendered":"https:\/\/likelingerieatacado.com.br\/product\/lingerie-meia-taca-corrente-melissa\/"},"modified":"2025-02-19T13:06:51","modified_gmt":"2025-02-19T16:06:51","slug":"lingerie-meia-taca-corrente-melissa","status":"publish","type":"product","link":"https:\/\/atacadaodamodaintima.com.br\/clone\/lingerie-meia-taca-corrente-melissa\/","title":{"rendered":"Lingerie Meia Ta\u00e7a Corrente Melissa"},"content":{"rendered":"<p>Lingerie Meia Ta\u00e7a Correte Melissa <br \/>&#8211; Confeccionda com renda e microfibra <br \/>&#8211; Suti\u00e3 com aro para melhor sustenta\u00e7\u00e3o dos seios\u00a0 <br \/>&#8211; Calcinha com regulagem de tamanho para melhor ajuste ao corpo.\u00a0 <br \/>\u00a0 <br \/>PRODUTO COM FORMA PEQUENA! <br \/>ATEN\u00c7\u00c3O PARA A TABELA DE MEDIDAS N\u00c3O EFETUAMOS TROCAS DE PE\u00c7AS INTIMAS <br \/>Tamanho P veste 34\/36 <br \/>Tamanho M veste 38\/40 <br \/>Tamanho G veste 42 <br \/>Tamanho GG veste 44 <br \/>\u00a0 <br \/>Sobre a cor do produto: <br \/>Fotos reais do produto em nosso estoque. Pode haver varia\u00e7\u00e3o na cor do produto final de acordo com o brilho do monitor, tela do celular. <br \/>Tamb\u00e9m pode haver varia\u00e7\u00e3o no desenho da renda. <br \/>Somos uma loja especializada em lingerie, sempre trazendo lindas novidades com qualidade e conforto, valorizando a mulher brasileira e tornando seu dia a dia ou noite muito mais especial. <br \/>Aproveite o frete e veja mais produtos em nossa loja.<\/p>\n","protected":false},"excerpt":{"rendered":"<p>Lingerie Meia Ta\u00e7a Correte Melissa<br \/>&#8211; Confeccionda com renda e microfibra<br \/>&#8211; Suti\u00e3 com aro para melhor sustenta\u00e7\u00e3o dos seios\u00a0<br \/>&#8211; Calcinha com regulagem de tamanho para melhor ajuste ao corpo.\u00a0<br \/>\u00a0<br \/>PRODUTO COM FORMA PEQUENA!<br \/>ATEN\u00c7\u00c3O PARA A TABELA DE MEDIDAS N\u00c3O EFETUAMOS TROCAS DE PE\u00c7AS INTIMAS<br \/>Tamanho P veste 34\/36<br \/>Tamanho M veste 38\/40<br \/>Tamanho G veste 42<br \/>Tamanho GG veste 44<br \/>\u00a0<br \/>Sobre a cor do produto:<br \/>Fotos reais do produto em nosso estoque. Pode haver varia\u00e7\u00e3o na cor do produto final de acordo com o brilho do monitor, tela do celular.<br \/>Tamb\u00e9m pode haver varia\u00e7\u00e3o no desenho da renda.<br \/>Somos uma loja especializada em lingerie, sempre trazendo lindas novidades com qualidade e conforto, valorizando a mulher brasileira e tornando seu dia a dia ou noite muito mais especial.<br \/>Aproveite o frete e veja mais produtos em nossa loja.<\/p>\n","protected":false},"featured_media":12868,"comment_status":"open","ping_status":"closed","template":"","meta":[],"product_brand":[],"product_cat":[19,18],"product_tag":[463,458,464,455],"class_list":{"0":"post-12877","1":"product","2":"type-product","3":"status-publish","4":"has-post-thumbnail","6":"product_cat-conjunto","7":"product_cat-lingerie","8":"product_tag-com-aro","9":"product_tag-fio-dental","10":"product_tag-meia-taca","11":"product_tag-sem-bojo","13":"first","14":"instock","15":"taxable","16":"shipping-taxable","17":"purchasable","18":"product-type-variable","19":"add-to-wishlist-after_add_to_cart"},"_links":{"self":[{"href":"https:\/\/atacadaodamodaintima.com.br\/clone\/wp-json\/wp\/v2\/product\/12877","targetHints":{"allow":["GET"]}}],"collection":[{"href":"https:\/\/atacadaodamodaintima.com.br\/clone\/wp-json\/wp\/v2\/product"}],"about":[{"href":"https:\/\/atacadaodamodaintima.com.br\/clone\/wp-json\/wp\/v2\/types\/product"}],"replies":[{"embeddable":true,"href":"https:\/\/atacadaodamodaintima.com.br\/clone\/wp-json\/wp\/v2\/comments?post=12877"}],"wp:featuredmedia":[{"embeddable":true,"href":"https:\/\/atacadaodamodaintima.com.br\/clone\/wp-json\/wp\/v2\/media\/12868"}],"wp:attachment":[{"href":"https:\/\/atacadaodamodaintima.com.br\/clone\/wp-json\/wp\/v2\/media?parent=12877"}],"wp:term":[{"taxonomy":"product_brand","embeddable":true,"href":"https:\/\/atacadaodamodaintima.com.br\/clone\/wp-json\/wp\/v2\/product_brand?post=12877"},{"taxonomy":"product_cat","embeddable":true,"href":"https:\/\/atacadaodamodaintima.com.br\/clone\/wp-json\/wp\/v2\/product_cat?post=12877"},{"taxonomy":"product_tag","embeddable":true,"href":"https:\/\/atacadaodamodaintima.com.br\/clone\/wp-json\/wp\/v2\/product_tag?post=12877"}],"curies":[{"name":"wp","href":"https:\/\/api.w.org\/{rel}","templated":true}]}}