{"id":10019,"date":"2024-10-22T12:41:31","date_gmt":"2024-10-22T15:41:31","guid":{"rendered":"https:\/\/likelingerieatacado.com.br\/product\/vibrador-rotativo-multivelocidade\/"},"modified":"2024-12-19T17:43:10","modified_gmt":"2024-12-19T20:43:10","slug":"vibrador-rotativo-multivelocidade","status":"publish","type":"product","link":"https:\/\/atacadaodamodaintima.com.br\/clone\/vibrador-rotativo-multivelocidade\/","title":{"rendered":"Vibrador Rotativo Multivelocidade"},"content":{"rendered":"<p>Pr\u00eamio de Melhor Vibrador do Ano! Este \u00e9 um potente vibrador que tem fun\u00e7\u00e3o de rota\u00e7\u00e3o e vibra\u00e7\u00e3o, ou seja, prazer em dobro! Seu formato com uma leve curvatura na ponta e bolinhas que ficam em movimento de rota\u00e7\u00e3o proporcionam um prazer incompar\u00e1vel e tamb\u00e9m ajudam a mulher a alcan\u00e7ar o Ponto-G do prazer. Este vibrador tamb\u00e9m conta com uma c\u00e1psula vibrat\u00f3ria acoplada no mesmo, que estimula o cl\u00edtoris nos movimentos de vai-e-vem. <br \/>\u00a0 <br \/>Modo de uso:Introduza as pilhas no comportamento indicado do vibrador. Para ligar seu Vibrador, basta movimentar as alavancas na parte a frente. \u00c9 poss\u00edvel controlar a intensidade da vibra\u00e7\u00e3o.\u00a0 <br \/>\u00a0 <br \/>Material:TPR e ABS. <br \/>\u00a0 <br \/>Tipo de bateria:Utiliza 4 pilhas AA (n\u00e3o inclusas). <br \/>\u00a0 <br \/>Higieniza\u00e7\u00e3o:Lavar com \u00e1gua e sab\u00e3o neutro antes e ap\u00f3s o uso, evite molhar o compartimento das pilhas. depois seque com papel toalha ou deixe secar naturalmente. <br \/>Ap\u00f3s higieniza-lo, coloque novamente em sua embalagem de origem. N\u00e3o compartilhar e n\u00e3o expor a temperatura superior a 50\u00b0C.\u00a0 <br \/>\u00a0 <br \/>Cuidados: <br \/>Higienize sempre antes e ap\u00f3s o uso;\u00a0 <br \/>N\u00e3o compartilha;\u00a0 <br \/>Mantenha fora do alcance de crian\u00e7as;\u00a0 <br \/>Manter ao abrigo do calor e luz excessiva;\u00a0 <br \/>Ap\u00f3s o uso, guardar em uma embalagem de pl\u00e1stico, n\u00e3o enrole em papel;<\/p>\n","protected":false},"excerpt":{"rendered":"<p>Pr\u00eamio de Melhor Vibrador do Ano! Este \u00e9 um potente vibrador que tem fun\u00e7\u00e3o de rota\u00e7\u00e3o e vibra\u00e7\u00e3o, ou seja, prazer em dobro! Seu formato com uma leve curvatura na ponta e bolinhas que ficam em movimento de rota\u00e7\u00e3o proporcionam um prazer incompar\u00e1vel e tamb\u00e9m ajudam a mulher a alcan\u00e7ar o Ponto-G do prazer. Este vibrador tamb\u00e9m conta com uma c\u00e1psula vibrat\u00f3ria acoplada no mesmo, que estimula o cl\u00edtoris nos movimentos de vai-e-vem.<br \/>\u00a0<br \/>Modo de uso:Introduza as pilhas no comportamento indicado do vibrador. Para ligar seu Vibrador, basta movimentar as alavancas na parte a frente. \u00c9 poss\u00edvel controlar a intensidade da vibra\u00e7\u00e3o.\u00a0<br \/>\u00a0<br \/>Material:TPR e ABS.<br \/>\u00a0<br \/>Tipo de bateria:Utiliza 4 pilhas AA (n\u00e3o inclusas).<br \/>\u00a0<br \/>Higieniza\u00e7\u00e3o:Lavar com \u00e1gua e sab\u00e3o neutro antes e ap\u00f3s o uso, evite molhar o compartimento das pilhas. depois seque com papel toalha ou deixe secar naturalmente.<br \/>Ap\u00f3s higieniza-lo, coloque novamente em sua embalagem de origem. N\u00e3o compartilhar e n\u00e3o expor a temperatura superior a 50\u00b0C.\u00a0<br \/>\u00a0<br \/>Cuidados:<br \/>Higienize sempre antes e ap\u00f3s o uso;\u00a0<br \/>N\u00e3o compartilha;\u00a0<br \/>Mantenha fora do alcance de crian\u00e7as;\u00a0<br \/>Manter ao abrigo do calor e luz excessiva;\u00a0<br \/>Ap\u00f3s o uso, guardar em uma embalagem de pl\u00e1stico, n\u00e3o enrole em papel;<\/p>\n","protected":false},"featured_media":10014,"comment_status":"open","ping_status":"closed","template":"","meta":[],"product_brand":[],"product_cat":[33,32],"product_tag":[],"class_list":{"0":"post-10019","1":"product","2":"type-product","3":"status-publish","4":"has-post-thumbnail","6":"product_cat-brinquedos","7":"product_cat-vibra-e-geis","9":"first","10":"outofstock","11":"taxable","12":"shipping-taxable","13":"purchasable","14":"product-type-variable","15":"add-to-wishlist-after_add_to_cart"},"_links":{"self":[{"href":"https:\/\/atacadaodamodaintima.com.br\/clone\/wp-json\/wp\/v2\/product\/10019","targetHints":{"allow":["GET"]}}],"collection":[{"href":"https:\/\/atacadaodamodaintima.com.br\/clone\/wp-json\/wp\/v2\/product"}],"about":[{"href":"https:\/\/atacadaodamodaintima.com.br\/clone\/wp-json\/wp\/v2\/types\/product"}],"replies":[{"embeddable":true,"href":"https:\/\/atacadaodamodaintima.com.br\/clone\/wp-json\/wp\/v2\/comments?post=10019"}],"wp:featuredmedia":[{"embeddable":true,"href":"https:\/\/atacadaodamodaintima.com.br\/clone\/wp-json\/wp\/v2\/media\/10014"}],"wp:attachment":[{"href":"https:\/\/atacadaodamodaintima.com.br\/clone\/wp-json\/wp\/v2\/media?parent=10019"}],"wp:term":[{"taxonomy":"product_brand","embeddable":true,"href":"https:\/\/atacadaodamodaintima.com.br\/clone\/wp-json\/wp\/v2\/product_brand?post=10019"},{"taxonomy":"product_cat","embeddable":true,"href":"https:\/\/atacadaodamodaintima.com.br\/clone\/wp-json\/wp\/v2\/product_cat?post=10019"},{"taxonomy":"product_tag","embeddable":true,"href":"https:\/\/atacadaodamodaintima.com.br\/clone\/wp-json\/wp\/v2\/product_tag?post=10019"}],"curies":[{"name":"wp","href":"https:\/\/api.w.org\/{rel}","templated":true}]}}